?
20
What is the highest common divisor of 27 and 18729?
9
Calculate the highest common factor of 6048 and 3787.
7
Calculate the highest common divisor of 14 and 118.
2
Calculate the greatest common factor of 10 and 642340.
10
Calculate the highest common factor of 15 and 1373.
1
Calculate the greatest common divisor of 9922 and 484.
242
Calculate the greatest common factor of 21255 and 55.
5
What is the highest common factor of 523536 and 168?
24
What is the greatest common divisor of 10701419 and 79?
79
What is the greatest common factor of 10207 and 1298?
59
What is the highest common divisor of 60730 and 30?
10
Calculate the highest common divisor of 1110 and 374625.
555
What is the highest common factor of 47508 and 19581?
321
Calculate the greatest common divisor of 2564 and 1060855.
641
What is the greatest common factor of 50552 and 267?
89
Calculate the highest common divisor of 373274 and 14476.
1034
What is the greatest common divisor of 1075 and 399083?
43
What is the highest common divisor of 25 and 27655?
5
Calculate the highest common factor of 21234 and 222.
6
Calculate the greatest common divisor of 477 and 45633.
159
Calculate the greatest common factor of 59390 and 3.
1
What is the greatest common divisor of 23489 and 830?
83
Calculate the highest common factor of 1350 and 1850.
50
Calculate the highest common factor of 412844 and 232.
116
What is the greatest common factor of 350 and 421450?
50
What is the greatest common divisor of 2154610 and 10?
10
What is the highest common factor of 1617 and 51891?
147
What is the greatest common divisor of 442 and 5174?
26
What is the greatest common divisor of 24404 and 16?
4
What is the highest common factor of 167203 and 2849?
37
Calculate the highest common divisor of 3882 and 218686.
1294
Calculate the highest common divisor of 42 and 186424.
14
Calculate the greatest common factor of 208 and 1840.
16
Calculate the greatest common factor of 6303540 and 1240.
620
What is the greatest common divisor of 104 and 665418?
26
Calculate the highest common divisor of 43004 and 38869.
827
What is the highest common divisor of 446 and 976?
2
What is the greatest common factor of 5488 and 64?
16
What is the greatest common factor of 4452 and 1932?
84
Calculate the highest common factor of 3972614 and 218.
218
What is the highest common factor of 481264 and 16?
16
What is the highest common divisor of 9782280 and 80?
40
What is the highest common divisor of 1224 and 26469?
153
Calculate the greatest common factor of 844188 and 206.
206
Calculate the highest common factor of 287 and 5699.
41
Calculate the greatest common factor of 506454 and 302.
302
What is the greatest common factor of 3977 and 164?
41
What is the greatest common factor of 1 and 7?
1
What is the highest common divisor of 2704 and 3887?
169
Calculate the greatest common divisor of 252 and 4283136.
36
Calculate the highest common factor of 13262 and 608.
38
Calculate the highest common factor of 316357 and 159.
53
Calculate the highest common divisor of 611 and 10088.
13
Calculate the greatest common divisor of 14592 and 19392.
192
What is the greatest common divisor of 927413 and 379?
379
What is the greatest common factor of 2868020 and 15?
5
Calculate the greatest common factor of 748 and 517.
11
Calculate the greatest common divisor of 62205 and 3510.
195
What is the highest common divisor of 4 and 1703?
1
Calculate the highest common factor of 8688 and 431142.
1086
Calculate the greatest common factor of 43599 and 5.
1
What is the highest common divisor of 2431 and 576862?
143
Calculate the highest common divisor of 638 and 3751.
11
Calculate the greatest common divisor of 524 and 621988.
524
What is the greatest common divisor of 993800 and 240?
40
Calculate the highest common factor of 25326 and 336.
42
Calculate the highest common divisor of 1195 and 1380.
5
Calculate the greatest common divisor of 7965 and 23305.
295
Calculate the highest common factor of 654090 and 150.
30
Calculate the greatest common factor of 73117 and 7038.
391
What is the highest common divisor of 94 and 306346?
94
What is the highest common divisor of 174 and 1032429?
87
Calculate the highest common divisor of 468809 and 2783.
253
Calculate the highest common divisor of 260 and 39754.
26
What is the greatest common factor of 3045 and 2873175?
435
Calculate the greatest common factor of 2460 and 431484.
492
What is the greatest common factor of 40137 and 34?
17
What is the greatest common factor of 62700 and 171?
57
Calculate the greatest common factor of 364 and 883246.
182
What is the highest common divisor of 160 and 145360?
80
Calculate the greatest common divisor of 109 and 17881232.
109
What is the greatest common divisor of 17995 and 12200?
305
Calculate the highest common factor of 308 and 65252.
44
Calculate the highest common factor of 124 and 108593.
31
Calculate the highest common factor of 13090 and 18955.
85
Calculate the highest common divisor of 562432 and 256.
256
Calculate the highest common factor of 478436 and 196.
196
What is the highest common factor of 378 and 725706?
54
What is the greatest common factor of 33361 and 292?
73
Calculate the highest common divisor of 151283 and 187.
187
Calculate the greatest common divisor of 519282 and 34.
34
What is the greatest common divisor of 24228 and 36?
36
Calculate the highest common factor of 23392 and 102.
34
Calculate the greatest common divisor of 8060 and 110360.
620
Calculate the greatest common divisor of 44833 and 2933.
419
What is the highest common factor of 60 and 81020?
20
Calculate the highest common divisor of 280384 and 1536.
64
What is the greatest common divisor of 108 and 2988252?
108
Calculate the greatest common factor of 660 and 8450.
10
What is the greatest common divisor of 50288 and 2800?
112
Calculate the greatest common divisor of 21 and 65912.
7
Calculate the greatest common divisor of 196 and 5327.
7
What is the highest common divisor of 220 and 20856?
44
What is the highest common divisor of 23409 and 405?
81
Calculate the greatest common factor of 83838 and 34854.
942
What is the highest common divisor of 551 and 126711?
19
What is the highest common divisor of 101277 and 484?
121
Calculate the greatest common divisor of 16 and 244692.
4
What is the greatest common divisor of 82474 and 2408?
602
What is the highest common divisor of 2 and 1?
1
What is the greatest common divisor of 520 and 83320?
40
Calculate the highest common divisor of 141825 and 62.
31
Calculate the highest common factor of 616 and 4731496.
616
What is the greatest common divisor of 224 and 175238?
14
Calculate the greatest common factor of 20339 and 7568.
473
Calculate the highest common divisor of 1396 and 20591.
349
What is the greatest common factor of 4248 and 70344?
72
What is the greatest common factor of 260 and 265460?
260
What is the highest common factor of 383 and 6527086?
383
Calculate the greatest common factor of 602 and 59899.
301
What is the highest common factor of 72 and 66840?
24
What is the greatest common divisor of 42 and 410298?
42
What is the greatest common divisor of 5632 and 1804?
44
Calculate the greatest common divisor of 86410 and 230.
10
Calculate the highest common factor of 62700 and 36.
12
What is the greatest common divisor of 4 and 1731296?
4
Calculate the greatest common factor of 17890004 and 44.
44
Calculate the highest common factor of 1037 and 12871.
61
What is the highest common factor of 13837 and 1919?
101
Calculate the greatest common divisor of 1225 and 92855.
245
What is the greatest common divisor of 3590762 and 42?
14
Calculate the greatest common factor of 245036 and 176.
44
What is the highest common divisor of 271488 and 7728?
336
Calculate the highest common factor of 4640 and 12470.
290
Calculate the highest common factor of 82 and 466826.
82
What is the greatest common factor of 3 and 28947?
3
What is the highest common divisor of 268 and 368902?
134
Calculate the highest common factor of 133 and 27911.
19
Calculate the highest common factor of 350 and 1021475.
175
Calculate the greatest common divisor of 485 and 1967645.
485
Calculate the greatest common divisor of 1468 and 32663.
367
What is the greatest common divisor